{"id":1126,"date":"2024-01-20T18:57:08","date_gmt":"2024-01-20T17:57:08","guid":{"rendered":"https:\/\/passpartulle.com\/?page_id=1126"},"modified":"2024-06-21T12:39:29","modified_gmt":"2024-06-21T10:39:29","slug":"armocromia-2","status":"publish","type":"page","link":"https:\/\/passpartulle.com\/index.php\/armocromia-2\/","title":{"rendered":"Armocromia"},"content":{"rendered":"\t\t<div data-elementor-type=\"wp-page\" data-elementor-id=\"1126\" class=\"elementor elementor-1126\">\n\t\t\t\t\t\t<section class=\"elementor-section elementor-top-section elementor-element elementor-element-31c92e85 elementor-section-content-middle elementor-section-stretched elementor-reverse-mobile elementor-section-boxed elementor-section-height-default elementor-section-height-default\" data-id=\"31c92e85\" data-element_type=\"section\" data-e-type=\"section\" data-settings=\"{&quot;background_background&quot;:&quot;gradient&quot;,&quot;stretch_section&quot;:&quot;section-stretched&quot;}\">\n\t\t\t\t\t\t<div class=\"elementor-container elementor-column-gap-default\">\n\t\t\t\t\t<div class=\"elementor-column elementor-col-66 elementor-top-column elementor-element elementor-element-2faefeec\" data-id=\"2faefeec\" data-element_type=\"column\" data-e-type=\"column\">\n\t\t\t<div class=\"elementor-widget-wrap elementor-element-populated\">\n\t\t\t\t\t\t<div class=\"elementor-element elementor-element-312d0c77 elementor-widget elementor-widget-heading\" data-id=\"312d0c77\" data-element_type=\"widget\" data-e-type=\"widget\" data-widget_type=\"heading.default\">\n\t\t\t\t<div class=\"elementor-widget-container\">\n\t\t\t\t\t<h2 class=\"elementor-heading-title elementor-size-default\">Analisi del Colore (Armocromia): cos'\u00e8?<\/h2>\t\t\t\t<\/div>\n\t\t\t\t<\/div>\n\t\t\t\t<div class=\"elementor-element elementor-element-74912cc0 elementor-widget-divider--view-line elementor-widget elementor-widget-divider\" data-id=\"74912cc0\" data-element_type=\"widget\" data-e-type=\"widget\" data-widget_type=\"divider.default\">\n\t\t\t\t<div class=\"elementor-widget-container\">\n\t\t\t\t\t\t\t<div class=\"elementor-divider\">\n\t\t\t<span class=\"elementor-divider-separator\">\n\t\t\t\t\t\t<\/span>\n\t\t<\/div>\n\t\t\t\t\t\t<\/div>\n\t\t\t\t<\/div>\n\t\t\t\t<div class=\"elementor-element elementor-element-219a384b elementor-widget elementor-widget-heading\" data-id=\"219a384b\" data-element_type=\"widget\" data-e-type=\"widget\" data-widget_type=\"heading.default\">\n\t\t\t\t<div class=\"elementor-widget-container\">\n\t\t\t\t\t<div class=\"elementor-heading-title elementor-size-medium\">Ti \u00e8 mai capitato di guardarti con un colore che ti piace e vederti terribile? <br>Compri un capo che ti piace, bellissimo, un colore che adori, su un'altra persona funziona, perch\u00e9 non dovrebbe fare lo stesso pazzesco effetto su di te? Invece qualcosa sembra andare storto.<br>\nTi sembri uscita da una centrifuga o da una notte insonne, noti ombre e segni che non hai, i difetti tanto odiosi sembrano troneggiare in modo impietoso, e se qualcuno ha l'infausta idea di immortalarti in una foto, hai il desiderio di distruggere immediatamente qualunque prova che possa essere usata contro di te.<br>\nE che dire quando azzardi una tinta per capelli... Perch\u00e8 mai ti regala qualche anno in pi\u00f9? Non vige la regola che con l'et\u00e0 meglio schiarire? Mmmh no. Falso mito.<br>\nSe ti \u00e8 mai capitato un evento simile, ricordati, <b>NON SEI TU<\/b>, \u00e8 proprio quel colore, bellissimo quanto ti pare ma... Non ti fa onore!  <\/div>\t\t\t\t<\/div>\n\t\t\t\t<\/div>\n\t\t\t\t<div class=\"elementor-element elementor-element-1deb2e57 elementor-widget elementor-widget-valerie-button\" data-id=\"1deb2e57\" data-element_type=\"widget\" data-e-type=\"widget\" data-widget_type=\"valerie-button.default\">\n\t\t\t\t<div class=\"elementor-widget-container\">\n\t\t\t\t\t        <div class=\"valerie-button-wrapper\">\r\n        \t<a href=\"https:\/\/passpartulle.com\/index.php\/consulenze\/\" class=\"valerie-button\">Prenota ora<\/a>\r\n        <\/div>\r\n\t\t\t\t\t<\/div>\n\t\t\t\t<\/div>\n\t\t\t\t\t<\/div>\n\t\t<\/div>\n\t\t\t\t<div class=\"elementor-column elementor-col-33 elementor-top-column elementor-element elementor-element-20f12b17\" data-id=\"20f12b17\" data-element_type=\"column\" data-e-type=\"column\">\n\t\t\t<div class=\"elementor-widget-wrap elementor-element-populated\">\n\t\t\t\t\t\t<div class=\"elementor-element elementor-element-6fb5664a elementor-widget elementor-widget-image\" data-id=\"6fb5664a\" data-element_type=\"widget\" data-e-type=\"widget\" data-widget_type=\"image.default\">\n\t\t\t\t<div class=\"elementor-widget-container\">\n\t\t\t\t\t\t\t\t\t\t\t\t\t\t\t<img decoding=\"async\" src=\"https:\/\/passpartulle.com\/wp-content\/uploads\/elementor\/thumbs\/armocromia-qjzzas1j6g89628pzl1kmgdln5yp567sgvgv1hgh6o.png\" title=\"armocromia\" alt=\"armocromia\" loading=\"lazy\" \/>\t\t\t\t\t\t\t\t\t\t\t\t\t\t\t<\/div>\n\t\t\t\t<\/div>\n\t\t\t\t\t<\/div>\n\t\t<\/div>\n\t\t\t\t\t<\/div>\n\t\t<\/section>\n\t\t\t\t<section class=\"elementor-section elementor-top-section elementor-element elementor-element-2591f87 elementor-section-content-middle elementor-section-stretched elementor-reverse-mobile elementor-section-boxed elementor-section-height-default elementor-section-height-default\" data-id=\"2591f87\" data-element_type=\"section\" data-e-type=\"section\" data-settings=\"{&quot;background_background&quot;:&quot;gradient&quot;,&quot;stretch_section&quot;:&quot;section-stretched&quot;}\">\n\t\t\t\t\t\t<div class=\"elementor-container elementor-column-gap-default\">\n\t\t\t\t\t<div class=\"elementor-column elementor-col-100 elementor-top-column elementor-element elementor-element-af37d08\" data-id=\"af37d08\" data-element_type=\"column\" data-e-type=\"column\">\n\t\t\t<div class=\"elementor-widget-wrap elementor-element-populated\">\n\t\t\t\t\t\t<div class=\"elementor-element elementor-element-1c8261e elementor-widget elementor-widget-text-editor\" data-id=\"1c8261e\" data-element_type=\"widget\" data-e-type=\"widget\" data-widget_type=\"text-editor.default\">\n\t\t\t\t<div class=\"elementor-widget-container\">\n\t\t\t\t\t\t\t\t\t<p><span style=\"color: #000000; font-size: 17px; text-align: justify; -webkit-text-stroke-color: #000000; white-space-collapse: preserve;\">In cambio ho un\u2019ottima notizia: non esistono soltanto colori che ci rendono tremendi, consumati e cagionevoli, ma anche colori che tirano fuori tutto lo splendore e la magnificenza che c\u2019\u00e8 in noi.<br \/>Come scoprirlo? Con l\u2019<\/span><span style=\"font-weight: bold; color: #000000; font-size: 17px; text-align: justify; -webkit-text-stroke-color: #000000; white-space-collapse: preserve;\">Analisi del Colore<\/span><span style=\"color: #000000; font-size: 17px; text-align: justify; -webkit-text-stroke-color: #000000; white-space-collapse: preserve;\">. <\/span><\/p><p><span style=\"color: #000000; font-size: 17px; text-align: justify; -webkit-text-stroke-color: #000000; white-space-collapse: preserve;\">Cosa diamine sarebbe questa <\/span><span style=\"background-color: transparent; letter-spacing: 0px; font-weight: bold; color: #000000; font-size: 17px; text-align: justify; -webkit-text-stroke-color: #000000; white-space-collapse: preserve;\">Analisi del Colore<\/span><span style=\"background-color: transparent; letter-spacing: 0px; color: #000000; font-size: 17px; text-align: justify; -webkit-text-stroke-color: #000000; white-space-collapse: preserve;\">? Puoi leggere la storia <a href=\"https:\/\/passpartulle.com\/index.php\/2024\/03\/14\/storia-dellanalisi-del-colore\/\"><strong><span style=\"text-decoration: underline;\">qui.<\/span><\/strong><\/a><\/span><\/p><p><span style=\"color: #000000; font-size: 17px; text-align: justify; -webkit-text-stroke-color: #000000; white-space-collapse: preserve;\">Pochi viaggi mentali adesso. Andiamo al sodo. <\/span><\/p>\t\t\t\t\t\t\t\t<\/div>\n\t\t\t\t<\/div>\n\t\t\t\t\t<\/div>\n\t\t<\/div>\n\t\t\t\t\t<\/div>\n\t\t<\/section>\n\t\t\t\t<section class=\"elementor-section elementor-top-section elementor-element elementor-element-0d18b28 elementor-section-content-middle elementor-section-stretched elementor-reverse-mobile elementor-section-boxed elementor-section-height-default elementor-section-height-default\" data-id=\"0d18b28\" data-element_type=\"section\" data-e-type=\"section\" data-settings=\"{&quot;background_background&quot;:&quot;gradient&quot;,&quot;stretch_section&quot;:&quot;section-stretched&quot;}\">\n\t\t\t\t\t\t<div class=\"elementor-container elementor-column-gap-default\">\n\t\t\t\t\t<div class=\"elementor-column elementor-col-50 elementor-top-column elementor-element elementor-element-dfd4369\" data-id=\"dfd4369\" data-element_type=\"column\" data-e-type=\"column\">\n\t\t\t<div class=\"elementor-widget-wrap elementor-element-populated\">\n\t\t\t\t\t\t<div class=\"elementor-element elementor-element-a4fbf3f elementor-widget elementor-widget-heading\" data-id=\"a4fbf3f\" data-element_type=\"widget\" data-e-type=\"widget\" data-widget_type=\"heading.default\">\n\t\t\t\t<div class=\"elementor-widget-container\">\n\t\t\t\t\t<h2 class=\"elementor-heading-title elementor-size-default\">Cosa fa l'Analisi del Colore<\/h2>\t\t\t\t<\/div>\n\t\t\t\t<\/div>\n\t\t\t\t<div class=\"elementor-element elementor-element-571c2a1 elementor-icon-list--layout-traditional elementor-list-item-link-full_width elementor-widget elementor-widget-icon-list\" data-id=\"571c2a1\" data-element_type=\"widget\" data-e-type=\"widget\" data-widget_type=\"icon-list.default\">\n\t\t\t\t<div class=\"elementor-widget-container\">\n\t\t\t\t\t\t\t<ul class=\"elementor-icon-list-items\">\n\t\t\t\t\t\t\t<li class=\"elementor-icon-list-item\">\n\t\t\t\t\t\t\t\t\t\t\t<span class=\"elementor-icon-list-icon\">\n\t\t\t\t\t\t\t<i aria-hidden=\"true\" class=\"fas fa-check\"><\/i>\t\t\t\t\t\t<\/span>\n\t\t\t\t\t\t\t\t\t\t<span class=\"elementor-icon-list-text\">scopre i colori che ti valorizzano<\/span>\n\t\t\t\t\t\t\t\t\t<\/li>\n\t\t\t\t\t\t\t\t<li class=\"elementor-icon-list-item\">\n\t\t\t\t\t\t\t\t\t\t\t<span class=\"elementor-icon-list-icon\">\n\t\t\t\t\t\t\t<i aria-hidden=\"true\" class=\"fas fa-check\"><\/i>\t\t\t\t\t\t<\/span>\n\t\t\t\t\t\t\t\t\t\t<span class=\"elementor-icon-list-text\">ti fa emergere<\/span>\n\t\t\t\t\t\t\t\t\t<\/li>\n\t\t\t\t\t\t\t\t<li class=\"elementor-icon-list-item\">\n\t\t\t\t\t\t\t\t\t\t\t<span class=\"elementor-icon-list-icon\">\n\t\t\t\t\t\t\t<i aria-hidden=\"true\" class=\"fas fa-check\"><\/i>\t\t\t\t\t\t<\/span>\n\t\t\t\t\t\t\t\t\t\t<span class=\"elementor-icon-list-text\">fa risaltare i tuoi occhi nemmeno fossero truccati<\/span>\n\t\t\t\t\t\t\t\t\t<\/li>\n\t\t\t\t\t\t\t\t<li class=\"elementor-icon-list-item\">\n\t\t\t\t\t\t\t\t\t\t\t<span class=\"elementor-icon-list-icon\">\n\t\t\t\t\t\t\t<i aria-hidden=\"true\" class=\"fas fa-check\"><\/i>\t\t\t\t\t\t<\/span>\n\t\t\t\t\t\t\t\t\t\t<span class=\"elementor-icon-list-text\">uniforma l'incarnato e minimizza le imperfezioni<\/span>\n\t\t\t\t\t\t\t\t\t<\/li>\n\t\t\t\t\t\t\t\t<li class=\"elementor-icon-list-item\">\n\t\t\t\t\t\t\t\t\t\t\t<span class=\"elementor-icon-list-icon\">\n\t\t\t\t\t\t\t<i aria-hidden=\"true\" class=\"fas fa-check\"><\/i>\t\t\t\t\t\t<\/span>\n\t\t\t\t\t\t\t\t\t\t<span class=\"elementor-icon-list-text\">ha un impatto pazzesco sulle tue emozioni <\/span>\n\t\t\t\t\t\t\t\t\t<\/li>\n\t\t\t\t\t\t\t\t<li class=\"elementor-icon-list-item\">\n\t\t\t\t\t\t\t\t\t\t\t<span class=\"elementor-icon-list-icon\">\n\t\t\t\t\t\t\t<i aria-hidden=\"true\" class=\"fas fa-check\"><\/i>\t\t\t\t\t\t<\/span>\n\t\t\t\t\t\t\t\t\t\t<span class=\"elementor-icon-list-text\">\u00e8 uno strumento in pi\u00f9 per scegliere come combinarti <\/span>\n\t\t\t\t\t\t\t\t\t<\/li>\n\t\t\t\t\t\t\t\t<li class=\"elementor-icon-list-item\">\n\t\t\t\t\t\t\t\t\t\t\t<span class=\"elementor-icon-list-icon\">\n\t\t\t\t\t\t\t<i aria-hidden=\"true\" class=\"fas fa-check\"><\/i>\t\t\t\t\t\t<\/span>\n\t\t\t\t\t\t\t\t\t\t<span class=\"elementor-icon-list-text\">puoi sfruttarla per occasioni importanti della tua vita (serate, colloquio di lavoro...)<\/span>\n\t\t\t\t\t\t\t\t\t<\/li>\n\t\t\t\t\t\t\t\t<li class=\"elementor-icon-list-item\">\n\t\t\t\t\t\t\t\t\t\t\t<span class=\"elementor-icon-list-icon\">\n\t\t\t\t\t\t\t<i aria-hidden=\"true\" class=\"fas fa-check\"><\/i>\t\t\t\t\t\t<\/span>\n\t\t\t\t\t\t\t\t\t\t<span class=\"elementor-icon-list-text\">ti fa risparmiare durante qualunque Shopping perch\u00e8 andrai a colpo sicuro! <\/span>\n\t\t\t\t\t\t\t\t\t<\/li>\n\t\t\t\t\t\t\t\t<li class=\"elementor-icon-list-item\">\n\t\t\t\t\t\t\t\t\t\t\t<span class=\"elementor-icon-list-icon\">\n\t\t\t\t\t\t\t<i aria-hidden=\"true\" class=\"fas fa-check\"><\/i>\t\t\t\t\t\t<\/span>\n\t\t\t\t\t\t\t\t\t\t<span class=\"elementor-icon-list-text\">\u00e8 inclusiva, \u00e8 per tutti!<\/span>\n\t\t\t\t\t\t\t\t\t<\/li>\n\t\t\t\t\t\t<\/ul>\n\t\t\t\t\t\t<\/div>\n\t\t\t\t<\/div>\n\t\t\t\t\t<\/div>\n\t\t<\/div>\n\t\t\t\t<div class=\"elementor-column elementor-col-50 elementor-top-column elementor-element elementor-element-0ef7099\" data-id=\"0ef7099\" data-element_type=\"column\" data-e-type=\"column\">\n\t\t\t<div class=\"elementor-widget-wrap elementor-element-populated\">\n\t\t\t\t\t\t<div class=\"elementor-element elementor-element-4809286 elementor-widget elementor-widget-heading\" data-id=\"4809286\" data-element_type=\"widget\" data-e-type=\"widget\" data-widget_type=\"heading.default\">\n\t\t\t\t<div class=\"elementor-widget-container\">\n\t\t\t\t\t<h2 class=\"elementor-heading-title elementor-size-default\">Cosa NON fa l'Analisi del Colore<\/h2>\t\t\t\t<\/div>\n\t\t\t\t<\/div>\n\t\t\t\t<div class=\"elementor-element elementor-element-798b35f elementor-icon-list--layout-traditional elementor-list-item-link-full_width elementor-widget elementor-widget-icon-list\" data-id=\"798b35f\" data-element_type=\"widget\" data-e-type=\"widget\" data-widget_type=\"icon-list.default\">\n\t\t\t\t<div class=\"elementor-widget-container\">\n\t\t\t\t\t\t\t<ul class=\"elementor-icon-list-items\">\n\t\t\t\t\t\t\t<li class=\"elementor-icon-list-item\">\n\t\t\t\t\t\t\t\t\t\t\t<span class=\"elementor-icon-list-icon\">\n\t\t\t\t\t\t\t<i aria-hidden=\"true\" class=\"fas fa-times\"><\/i>\t\t\t\t\t\t<\/span>\n\t\t\t\t\t\t\t\t\t\t<span class=\"elementor-icon-list-text\">non ti costringe a buttare via i vestiti \"del colore sbagliato\"(esistono trucchi e accorgimenti)<\/span>\n\t\t\t\t\t\t\t\t\t<\/li>\n\t\t\t\t\t\t\t\t<li class=\"elementor-icon-list-item\">\n\t\t\t\t\t\t\t\t\t\t\t<span class=\"elementor-icon-list-icon\">\n\t\t\t\t\t\t\t<i aria-hidden=\"true\" class=\"fas fa-times\"><\/i>\t\t\t\t\t\t<\/span>\n\t\t\t\t\t\t\t\t\t\t<span class=\"elementor-icon-list-text\">non \u00e8 una gabbia dove qualcun altro ti dir\u00e0 come vestirti e cosa scegliere (vige la legge: fai come ti senti sempre)<\/span>\n\t\t\t\t\t\t\t\t\t<\/li>\n\t\t\t\t\t\t\t\t<li class=\"elementor-icon-list-item\">\n\t\t\t\t\t\t\t\t\t\t\t<span class=\"elementor-icon-list-icon\">\n\t\t\t\t\t\t\t<i aria-hidden=\"true\" class=\"fas fa-times\"><\/i>\t\t\t\t\t\t<\/span>\n\t\t\t\t\t\t\t\t\t\t<span class=\"elementor-icon-list-text\">non \u00e8 un servizio solo per politici, gente di spettacolo o Celebrities in genere...e perch\u00e9 mai?<\/span>\n\t\t\t\t\t\t\t\t\t<\/li>\n\t\t\t\t\t\t<\/ul>\n\t\t\t\t\t\t<\/div>\n\t\t\t\t<\/div>\n\t\t\t\t\t<\/div>\n\t\t<\/div>\n\t\t\t\t\t<\/div>\n\t\t<\/section>\n\t\t\t\t<section class=\"elementor-section elementor-top-section elementor-element elementor-element-c7e6409 elementor-section-content-middle elementor-section-stretched elementor-reverse-mobile elementor-section-boxed elementor-section-height-default elementor-section-height-default\" data-id=\"c7e6409\" data-element_type=\"section\" data-e-type=\"section\" data-settings=\"{&quot;background_background&quot;:&quot;gradient&quot;,&quot;stretch_section&quot;:&quot;section-stretched&quot;}\">\n\t\t\t\t\t\t<div class=\"elementor-container elementor-column-gap-default\">\n\t\t\t\t\t<div class=\"elementor-column elementor-col-33 elementor-top-column elementor-element elementor-element-5269d60\" data-id=\"5269d60\" data-element_type=\"column\" data-e-type=\"column\">\n\t\t\t<div class=\"elementor-widget-wrap elementor-element-populated\">\n\t\t\t\t\t\t<div class=\"elementor-element elementor-element-1e221a7 elementor-widget elementor-widget-image\" data-id=\"1e221a7\" data-element_type=\"widget\" data-e-type=\"widget\" data-widget_type=\"image.default\">\n\t\t\t\t<div class=\"elementor-widget-container\">\n\t\t\t\t\t\t\t\t\t\t\t\t\t\t\t<img decoding=\"async\" src=\"https:\/\/passpartulle.com\/wp-content\/uploads\/elementor\/thumbs\/881-qimttf37nlrfpce0ninc0kzajuhxq66q2u4q0izx0c.jpg\" title=\"Vintage Shopping\" alt=\"Immagine di balasoiu su Freepik\" loading=\"lazy\" \/>\t\t\t\t\t\t\t\t\t\t\t\t\t\t\t<\/div>\n\t\t\t\t<\/div>\n\t\t\t\t\t<\/div>\n\t\t<\/div>\n\t\t\t\t<div class=\"elementor-column elementor-col-66 elementor-top-column elementor-element elementor-element-c13f337\" data-id=\"c13f337\" data-element_type=\"column\" data-e-type=\"column\">\n\t\t\t<div class=\"elementor-widget-wrap elementor-element-populated\">\n\t\t\t\t\t\t<div class=\"elementor-element elementor-element-bf9d5f7 elementor-widget elementor-widget-heading\" data-id=\"bf9d5f7\" data-element_type=\"widget\" data-e-type=\"widget\" data-widget_type=\"heading.default\">\n\t\t\t\t<div class=\"elementor-widget-container\">\n\t\t\t\t\t<h2 class=\"elementor-heading-title elementor-size-default\">Come si fa?<\/h2>\t\t\t\t<\/div>\n\t\t\t\t<\/div>\n\t\t\t\t<div class=\"elementor-element elementor-element-26109b0 elementor-widget elementor-widget-heading\" data-id=\"26109b0\" data-element_type=\"widget\" data-e-type=\"widget\" data-widget_type=\"heading.default\">\n\t\t\t\t<div class=\"elementor-widget-container\">\n\t\t\t\t\t<div class=\"elementor-heading-title elementor-size-medium\">Senza trucco, senza barba, senza occhiali (preferibile senza abbronzatura).<br>\nCi si rilassa e la fatica \u00e8 tutta mia!<br>Mi baso sul sistema <b>12 Stagioni Internazionale<\/b> di scuola americana ed anglosassone, che verte sulla teoria del Flow System (differente da altri sistemi 12 Stagioni di approccio italiano), integrata dal modello Yin e Yang.\n<br>User\u00f2 alcuni colori, drappi certificati TCI (True Color International), sotto al viso per vedere come reagisce il tuo sottotono ai singoli colori, finch\u00e9 non troveremo i colori giusti per te.\nTi classificher\u00f2 con una specifica nomenclatura che servir\u00e0 a darti precise indicazioni su quale sar\u00e0 la tua palette. <br>\n\nLa complessit\u00e0 della disciplina fa s\u00ec che la consulenza debba essere precisa e necessiti quindi del giusto tempo, luce e strumenti.<br>Ti garantisco che sar\u00e0 <b>divertente<\/b> e che andrai a casa con una nuova<br><b>consapevolezza <\/b>e una nuova <b>scoperta<\/b> di te. <br><br>\n<b>Al prossimo Shopping andrai a segno.<\/b> <br><br>Non ti preoccupare se in principio dovrai fare allenamento con i tuoi colori, fa parte del gioco!\n<br>\nSiamo pronti a colorare il tuo mondo?\n<\/div>\t\t\t\t<\/div>\n\t\t\t\t<\/div>\n\t\t\t\t<div class=\"elementor-element elementor-element-7107bc9 elementor-widget elementor-widget-valerie-button\" data-id=\"7107bc9\" data-element_type=\"widget\" data-e-type=\"widget\" data-widget_type=\"valerie-button.default\">\n\t\t\t\t<div class=\"elementor-widget-container\">\n\t\t\t\t\t        <div class=\"valerie-button-wrapper\">\r\n        \t<a href=\"https:\/\/passpartulle.com\/index.php\/consulenze\/\" class=\"valerie-button\">Prenota ora<\/a>\r\n        <\/div>\r\n\t\t\t\t\t<\/div>\n\t\t\t\t<\/div>\n\t\t\t\t\t<\/div>\n\t\t<\/div>\n\t\t\t\t\t<\/div>\n\t\t<\/section>\n\t\t\t\t<\/div>\n\t\t","protected":false},"excerpt":{"rendered":"<p>Analisi del Colore (Armocromia): cos\u2019\u00e8? Ti \u00e8 mai capitato di guardarti con un colore che ti piace e vederti terribile? Compri un capo che ti piace, bellissimo, un colore che adori, su un\u2019altra persona funziona, perch\u00e9 non dovrebbe fare lo stesso pazzesco effetto su di te? Invece qualcosa sembra andare storto. Ti sembri uscita da [&hellip;]<\/p>\n","protected":false},"author":1,"featured_media":0,"parent":0,"menu_order":0,"comment_status":"closed","ping_status":"closed","template":"elementor_header_footer","meta":{"_monsterinsights_skip_tracking":false,"_monsterinsights_sitenote_active":false,"_monsterinsights_sitenote_note":"","_monsterinsights_sitenote_category":0,"footnotes":""},"class_list":["post-1126","page","type-page","status-publish","hentry"],"aioseo_notices":[],"jetpack_sharing_enabled":true,"_links":{"self":[{"href":"https:\/\/passpartulle.com\/index.php\/wp-json\/wp\/v2\/pages\/1126","targetHints":{"allow":["GET"]}}],"collection":[{"href":"https:\/\/passpartulle.com\/index.php\/wp-json\/wp\/v2\/pages"}],"about":[{"href":"https:\/\/passpartulle.com\/index.php\/wp-json\/wp\/v2\/types\/page"}],"author":[{"embeddable":true,"href":"https:\/\/passpartulle.com\/index.php\/wp-json\/wp\/v2\/users\/1"}],"replies":[{"embeddable":true,"href":"https:\/\/passpartulle.com\/index.php\/wp-json\/wp\/v2\/comments?post=1126"}],"version-history":[{"count":95,"href":"https:\/\/passpartulle.com\/index.php\/wp-json\/wp\/v2\/pages\/1126\/revisions"}],"predecessor-version":[{"id":1983,"href":"https:\/\/passpartulle.com\/index.php\/wp-json\/wp\/v2\/pages\/1126\/revisions\/1983"}],"wp:attachment":[{"href":"https:\/\/passpartulle.com\/index.php\/wp-json\/wp\/v2\/media?parent=1126"}],"curies":[{"name":"wp","href":"https:\/\/api.w.org\/{rel}","templated":true}]}}